 70619
List the prime factors of 6042167.
1637, 3691
What are the prime factors of 25037542?
2, 127, 98573
List the prime factors of 4842509.
7, 691787
List the prime factors of 3739191.
3, 1246397
What are the prime factors of 14998420?
2, 5, 17, 31, 1423
List the prime factors of 18750154.
2, 9375077
What are the prime factors of 1251555?
3, 5, 83437
List the prime factors of 415146.
2, 3, 69191
List the prime factors of 14469090.
2, 3, 5, 71, 6793
List the prime factors of 14770193.
29, 509317
List the prime factors of 30149260.
2, 5, 857, 1759
What are the prime factors of 241836?
2, 3, 7, 2879
List the prime factors of 3633782.
2, 353, 5147
List the prime factors of 1182555.
3, 5, 11, 2389
What are the prime factors of 4491196?
2, 17, 66047
List the prime factors of 6166433.
7, 13, 67763
What are the prime factors of 3368569?
3368569
What are the prime factors of 153078?
2, 3, 31, 823
What are the prime factors of 6033836?
2, 1508459
List the prime factors of 255567.
3, 13, 6553
List the prime factors of 215146.
2, 97, 1109
List the prime factors of 3422868.
2, 3, 151, 1889
What are the prime factors of 39734128?
2, 7, 149, 2381
List the prime factors of 3020656.
2, 188791
What are the prime factors of 194435?
5, 37, 1051
List the prime factors of 687028.
2, 171757
What are the prime factors of 20766785?
5, 13, 319489
List the prime factors of 620262.
2, 3, 17, 2027
List the prime factors of 4483499.
31, 144629
List the prime factors of 2177554.
2, 1088777
List the prime factors of 1013421.
3, 17, 31, 641
What are the prime factors of 33008536?
2, 11, 375097
List the prime factors of 104740.
2, 5, 5237
What are the prime factors of 38560?
2, 5, 241
What are the prime factors of 938495?
5, 187699
List the prime factors of 923942.
2, 461971
What are the prime factors of 21732418?
2, 10866209
What are the prime factors of 506531?
506531
What are the prime factors of 928369?
13, 71413
List the prime factors of 946421.
7, 53, 2551
List the prime factors of 1246675.
5, 47, 1061
List the prime factors of 15383653.
15383653
What are the prime factors of 151323?
3, 50441
What are the prime factors of 6522881?
2399, 2719
List the prime factors of 5630709.
3, 7, 73, 3673
List the prime factors of 4354821.
3, 483869
List the prime factors of 12617822.
2, 7, 901273
What are the prime factors of 230000?
2, 5, 23
What are the prime factors of 308942?
2, 113, 1367
List the prime factors of 3289382.
2, 1644691
List the prime factors of 8768762.
2, 193, 22717
What are the prime factors of 142230?
2, 3, 5, 11, 431
What are the prime factors of 774809?
7, 17, 383
List the prime factors of 360763.
13, 27751
What are the prime factors of 559472?
2, 73, 479
List the prime factors of 392729.
607, 647
List the prime factors of 59632.
2, 3727
List the prime factors of 446832.
2, 3, 29, 107
What are the prime factors of 14944269?
3, 4981423
What are the prime factors of 1974268?
2, 493567
List the prime factors of 1755105.
3, 5, 11, 967
List the prime factors of 6650984.
2, 831373
List the prime factors of 664038.
2, 3, 4099
List the prime factors of 168888.
2, 3, 31, 227
What are the prime factors of 669148?
2, 131, 1277
What are the prime factors of 264578?
2, 263, 503
List the prime factors of 6927852.
2, 3, 41, 14081
What are the prime factors of 43137?
3, 4793
List the prime factors of 8155778.
2, 587, 6947
What are the prime factors of 574539?
3, 7, 109, 251
List the prime factors of 21599967.
3, 23, 229, 1367
List the prime factors of 13728549.
3, 223, 20521
What are the prime factors of 65862?
2, 3, 3659
List the prime factors of 13904022.
2, 3, 11, 293, 719
List the prime factors of 31436976.
2, 3, 31, 37, 571
What are the prime factors of 25871921?
25871921
List the prime factors of 11953557.
3, 7, 11, 47, 367
What are the prime factors of 44538?
2, 3, 13, 571
List the prime factors of 1609522.
2, 804761
List the prime factors of 1278330.
2, 3, 5, 42611
List the prime factors of 7189582.
2, 31, 61, 1901
What are the prime factors of 1989517?
1989517
List the prime factors of 1397515.
5, 7, 39929
What are the prime factors of 510431?
467, 1093
List the prime factors of 5154680.
2, 5, 31, 4157
List the prime factors of 32761128.
2, 3, 1365047
List the prime factors of 10763029.
43, 5821
List the prime factors of 302396.
2, 17, 4447
List the prime factors of 3516754.
2, 59, 29803
List the prime factors of 22480527.
3, 331, 22639
What are the prime factors of 4288087?
4288087
List the prime factors of 11872987.
7, 17, 5869
What are the prime factors of 20406?
2, 3, 19, 179
What are the prime factors of 227456?
2, 1777
What are the prime factors of 4359589?
13, 491, 683
List the prime factors of 1197592.
2, 11, 31, 439
What are the prime factors of 165233?
165233
List the prime factors of 3242376.
2, 3, 17, 883
List the prime factors of 34765.
5, 17, 409
What are the prime factors of 2397672?
2, 3, 33301
List the prime factors of 194040.
2, 3, 5, 7, 11
What are the prime factors of 6463543?
79, 81817
What are the prime factors of 424196?
2, 173, 613
List the prime factors of 7367345.
5, 19, 77551
What are the prime factors of 797509?
797509
List the prime factors of 1521277.
89, 17093
What are the prime factors of 1225099?
1225099
List the prime factors of 584680.
2, 5, 47, 311
What are the prime factors of 617403?
3, 131, 1571
What are the prime factors of 5543790?
2, 3, 5, 7, 26399
List the prime factors of 1276912.
2, 7, 13, 877
List the prime factors of 2058169.
2058169
List the prime factors of 692085.
3, 5, 29, 37, 43
What are the prime factors of 285463?
285463
What are the prime factors of 2230533?
3, 139, 1783
What are the prime factors of 375721?
179, 2099
What are the prime factors of 1834432?
2, 28663
List the prime factors of 36706634.
2, 29, 53, 11941
List the prime factors of 16845066.
2, 3, 7, 133691
What are the prime factors of 1275260?
2, 5, 7, 9109
List the prime factors of 1223984.
2, 227, 337
What are the prime factors of 1185787?
1185787
What are the prime factors of 614791?
241, 2551
What are the prime factors of 1160039?
1160039
What are the prime factors of 1182136?
2, 107, 1381
What are the prime factors of 1100658?
2, 3, 13, 103, 137
List the prime factors of 2442817.
13, 187909
What are the prime factors of 749300?
2, 5, 59, 127
List the prime factors of 1097019.
3, 7, 11, 1583
What are the prime factors of 4621906?
2, 2310953
What are the prime factors of 3812168?
2, 113, 4217
What are the prime factors of 266846?
2, 23, 5801
List the prime factors of 1110227.
19, 71, 823
List the prime factors of 7456387.
17, 438611
List the prime factors of 21850896.
2, 3, 455227
What are the prime factors of 17384503?
79, 220057
List the prime factors of 6756516.
2, 3, 13, 14437
What are the prime factors of 2350118?
2, 211, 5569
List the prime factors of 1551453.
3, 517151
What are the prime factors of 540861?
3, 180287
List the prime factors of 221965.
5, 103, 431
What are the prime factors of 1662958?
2, 11, 269, 281
List the prime factors of 24294745.
5, 4858949
What are the prime factors of 499101?
3, 43, 53, 73
What are the prime factors of 227304?
2, 3, 7, 11, 41
List the prime factors of 260524.
2, 11, 31, 191
List the prime factors of 862078.
2, 7, 139, 443
What are the prime factors of 25509146?
2, 13, 17, 57713
List the prime factors of 207977.
7, 11, 37, 73
What are the prime factors of 22407578?
2, 179, 62591
List the prime factors of 654382.
2, 37, 239
List the prime factors of 833543.
23, 36241
List the prime factors of 5042951.
347, 14533
List the prime factors of 85677.
3, 28559
List the prime factors of 6186881.
37, 167213
What are the prime factors of 235169?
11, 21379
What are the prime factors of 2201721?
3, 17, 23, 1877
List the prime factors of 188912.
2, 11807
What are the prime factors of 142828?
2, 7, 5101
List the prime factors of 1057080.
2, 3, 5, 23, 383
What are the prime factors of 929078?
2, 464539
List the prime factors of 778504.
2, 23, 4231
List the prime factors of 2762113.
71, 38903
What are the prime factors of 7857812?
2, 23, 85411
What are the prime factors of 6914?
2, 3457
List the prime factors of 573765.
3, 5, 29, 1319
What are the prime factors of 16668373?
599, 27827
List the prime factors of 19